33
Suppose 4*q + o = 3*o + 16, 2*q - 14 = 4*o. What are the prime factors of (-1052)/q*-2*(-849)/(-566)?
2, 263
Let s = 4181 + -2797. What are the prime factors of s?
2, 173
Suppose -6*d = 54 + 252. Let y = 55 + d. Suppose 0 = g - 2*g + m + 120, 0 = -y*g + 3*m + 476. What are the prime factors of g?
2, 29
Let s be 3 - 6 - (-70 + 4/(-4)). List the prime factors of (-1 - -65)*(-63 + s).
2, 5
Suppose 0*a + 5*a + 82522 = 2*g, 5*g + 3*a - 206398 = 0. What are the prime factors of g?
2, 17, 607
Let x = 235 - 232. List the prime factors of x - (4 - 0) - (1 - 343).
11, 31
Let a = 1567 - 1566. Let s(t) = 114*t**2 + 8*t - 15. Let q(x) = -57*x**2 - 4*x + 7. Let l(d) = -13*q(d) - 6*s(d). List the prime factors of l(a).
2, 3, 5
Let m(y) = y**3 + 13*y**2 - 12*y + 31. Let d be m(-14). Let u be -3 + (-12)/3 + d + -56. What are the prime factors of (u/(-35))/(132/63 + -2)?
2, 3
Let h(y) = 331*y**3 + 5*y - 6. Suppose 11*n - 16*n + 5 = 0. What are the prime factors of h(n)?
2, 3, 5, 11
Let c(d) = d**3 + 22*d**2 - 28*d - 59. What are the prime factors of c(-23)?
2, 7
Let f be (48/20)/((-2)/40). Let g = f + 48. Suppose -6*k + 858 = -g*k. What are the prime factors of k?
11, 13
Let f be ((1/4)/(33/(-44)))/(4/(-1824)). Suppose 35 = 4*m + 3*x, 0 = -2*x + 2 + 8. Suppose m*o = z + 2*z + 268, f = 3*o - 4*z. What are the prime factors of o?
2, 7
Let m be (-2)/((-4)/24*2) - 3. Suppose 20 = -h + m*l, 4*h - l + 50 + 8 = 0. List the prime factors of 4/((-16)/h)*20/35.
2
Suppose -13257 - 10453 + 2566 = -z. What are the prime factors of z?
2, 3, 881
What are the prime factors of -17*42/105*-65?
2, 13, 17
Suppose -5*a - 3 = 2*q + q, -3*a + q + 1 = 0. Suppose 4*i + 11 = 2*w - 13, -5*w - 2*i + 60 = a. Suppose -51 = -3*k + w. What are the prime factors of k?
3, 7
Let f(o) = -29*o + 18. Let d be f(-3). Let a = 150 - d. List the prime factors of a.
3, 5
List the prime factors of ((-27459)/36)/((-9)/24).
2, 3, 113
Let x be 15/6 + 463*2/4. Let a = -100 + x. What are the prime factors of a?
2, 67
List the prime factors of (2/((-16)/(-162760)))/1 + 12/(-2).
11, 43
Suppose 880580 = 20*u + 98540. List the prime factors of u.
2, 3, 7, 19
Let a = -324 + 331. Suppose -a*l = -25*l + 10620. List the prime factors of l.
2, 5, 59
Let v(b) = 2*b**3 - 41*b**2 + b + 348. List the prime factors of v(31).
2, 5, 257
Suppose 8*r = 12*r + q - 2219, -4*q = 3*r - 1661. Let g = r + 48. List the prime factors of g.
3, 67
Suppose -4*a = 0, 15748 = -4*n + 2*a + 2*a. Let m = -2741 - n. List the prime factors of m.
2, 13, 23
Let k be 400/32*16/10. List the prime factors of 130/k*(4 - 2).
13
What are the prime factors of -84*(-479)/5*15/12 + -1?
2, 47, 107
Suppose 2009*g - 2024*g = -9960. What are the prime factors of g?
2, 83
What are the prime factors of (4065435/(-396))/((-2)/8)?
5, 43, 191
Suppose -156*t - 35*t + 6748010 = -46*t. List the prime factors of t.
2, 23269
Suppose -12*m + 21023 + 3217 = 0. List the prime factors of m.
2, 5, 101
Let i(g) = -156*g - 3. Let l be i(-1). Let o be 1/(-1) + l/1. Suppose 478 = 3*k + 2*u - 4*u, k = -3*u + o. What are the prime factors of k?
2, 79
Let i be (2766/12 - -1)/(2/(-4)). Let r = i - -839. What are the prime factors of r?
2, 47
Let a = 370 + -371. List the prime factors of (-711 + -10)/(-2 - a).
7, 103
Suppose 10 = y + 4*l - 0*l, 4*y + 5*l = 18. Suppose k + 214 = 3*k + 4*o, 2*k = -y*o + 222. List the prime factors of k.
5, 23
What are the prime factors of (162/135)/((-6)/(-47805))?
3, 3187
Let p(c) = 29 - 27*c - 49*c - 3. What are the prime factors of p(-3)?
2, 127
Suppose -2*r - 4*m = r + 22, 3*m + 22 = -5*r. List the prime factors of r - 4/(-2) - -405.
3, 5
Suppose -4*l = l - 20. Suppose 3*k - 1 = -l. List the prime factors of (k/2)/((-2)/800).
2, 5
Let f = -3895 - -7068. List the prime factors of f.
19, 167
Suppose 340 + 444 = 7*r. Suppose r*w - 634 = 110*w. List the prime factors of w.
317
Suppose -5 = -4*x + 7. Suppose x*z - 130 - 95 = 0. Suppose 0 = 3*g + 12, -2*g + z = 3*a + g. List the prime factors of a.
29
Let q = 5688 - -8468. List the prime factors of q.
2, 3539
Let u = -178 + 203. Suppose 0 = 8*g - u*g + 1258. What are the prime factors of g?
2, 37
Let i(u) = 37*u - 101. Let r(o) = 3*o**3 - 3*o**2 - 7*o + 20. Let b be r(2). What are the prime factors of i(b)?
5, 113
Suppose -56*m + 167*m - 529026 = 0. What are the prime factors of m?
2, 2383
Let v(a) = -a**3 - 3*a**2 - 5*a - 4. Let j be v(-2). Let b(l) = 252*l**2 - 6*l + 12. List the prime factors of b(j).
2, 3, 7
Let i(q) = -4*q - 50. Let c be i(-13). Suppose 0 = 4*l - 4*u - 252, 6*l - 188 = 3*l + c*u. Suppose -w + l = -10. List the prime factors of w.
2, 3
Let h(x) = 53*x**2 + 122*x + 104. List the prime factors of h(26).
2, 13, 47
Let o(a) = -a**2 - 4*a + 6. Let y be o(-3). Let b(f) = -10 + 12*f - 12 - 21 + y. List the prime factors of b(6).
2, 19
Let t(f) = -4*f**2 + 2*f + 4. Let i(z) = 5*z**2 - 3*z - 5. Let b(c) = -5*i(c) - 6*t(c). Let r be b(7). Let w = 96 + r. What are the prime factors of w?
3, 23
Let o = -59261 - -88605. What are the prime factors of o?
2, 7, 131
Let x(z) be the first derivative of 185*z**2/2 - 208*z + 80. List the prime factors of x(5).
3, 239
Suppose 0 = -5*t + 2*p + 333887 - 80939, 202380 = 4*t + 2*p. What are the prime factors of t?
2, 3, 17, 31
Let t = -19171 + 36937. List the prime factors of t.
2, 3, 7, 47
Let q(l) = 27*l - 4. Let d be q(-4). Let z be (-1 - -26)*d/20. Let m = -74 - z. List the prime factors of m.
2, 3, 11
Let a(i) = -127*i + 453. What are the prime factors of a(-2)?
7, 101
Suppose 21*b - 136799 = -2*b + 97226. What are the prime factors of b?
5, 11, 37
Suppose -15*d + 8*d + 15022 = 0. Suppose 0 = -3*p - 454 + d. What are the prime factors of p?
2, 3, 47
Let c = -595 + 583. What are the prime factors of -174*((-160)/c)/(-5)?
2, 29
Let r(m) = -m**3 + m**2 - 3*m + 7292. List the prime factors of r(0).
2, 1823
Suppose 8*l - 11*l + 30 = 0. Let y be l/(-12) + 4/(-24) - -2. What are the prime factors of -3 - y - (-18 + 6)?
2
Let b(k) = -k**2 - 27*k + 79. Let d be b(-25). Suppose 8*r + d = 9*r. List the prime factors of r.
3, 43
Let y be (56 + -1)/(4 - 3). Suppose y + 640 = 4*h + 5*n, -h + 2*n = -190. Suppose 2*g + t = -0*t + h, -3*t = -5*g + 450. What are the prime factors of g?
2, 3, 5
Let r(n) = n**3 + 22*n**2 - 5*n + 4. Let g(m) = -5*m**2 + 44*m - 2. Let p be g(9). List the prime factors of r(p).
2, 5, 139
Let r(y) = -71*y - 30. Let l be r(5). Let o = -262 - l. List the prime factors of o.
3, 41
Let x(o) = o**2 - 5. Let i be x(0). Let m be 4 - (0/i + 0). Suppose m*r - 48 = -5*b, 0 = b + 4*b - 5*r - 30. What are the prime factors of b?
2
What are the prime factors of (-99925)/(-7) - 115/23?
2, 5, 1427
Let x = 26 + -27. Let j be (x/3)/((-3)/657). Let u = -46 + j. List the prime factors of u.
3
Let s = 29970 - 12187. List the prime factors of s.
17783
Suppose -2*o - 8 = 2*o. Suppose -5*k + 6*h - 5 = 7*h, 5*h - 4 = 4*k. List the prime factors of -4*(o/k + (-60)/8).
2, 11
Suppose 0 = -2*t - 2*y - 4, 0 = t + t - y - 2. Suppose -27*q + 3499 + 2387 = t. List the prime factors of q.
2, 109
Let c(l) = 2*l**3 - 30*l**2 - 4*l + 266. What are the prime factors of c(23)?
2, 7, 617
Let v(w) = -14*w**2 + 8*w + 235. Let o(g) = 5*g**2 - 3*g - 79. Let f(h) = -8*o(h) - 3*v(h). What are the prime factors of f(-14)?
11, 29
Let v(d) = -d**2 - 20*d - 42. Let k be v(-18). Let o(q) = -7*q - 36. Let f be o(k). Suppose 135 = f*u - 411. What are the prime factors of u?
7, 13
Let f = 159 - 159. Suppose 11*a - 5585 - 1741 = f. What are the prime factors of a?
2, 3, 37
Let l = 392 - -2183. List the prime factors of l.
5, 103
List the prime factors of -4 + (-4)/(-4) - (-4 - 7115).
2, 3, 593
Let y be 3*((-6)/(-3))/2. Suppose 4*b - 5*x = -3*x + 1888, -2*x + 1402 = y*b. List the prime factors of b.
2, 5, 47
Let r(u) be the third derivative of u**6/120 + 13*u**5/60 - u**4/8 - 13*u**3/2 + 53*u**2. What are the prime factors of r(-9)?
2, 3, 13
Suppose -4*r - r + 15 = 0. Suppose -2*z = r*h + 3*z - 328, -z = 3*h - 332. Let b = h - 72. List the prime factors of b.
3, 13
Suppose -k + 144 = -10*k. Let o(u) = 2*u**2 - 7*u + 101. List the prime factors of o(k).
5, 29
Suppose 0 = -30*l - 5167 - 11363. Let c = l - -1035. What are the prime factors of c?
2, 11
Let v be (13/39)/((-2)/3606). Let l = -3